Select a Year or Month report
Report for 2023 Apr
MONTHLY CLIMATOLOGICAL SUMMARY for APR. 2023
NAME: Gavdos Weather Station CITY: Gavdos STATE: Greece
ELEV: 25 m LAT: 34 48' 00" N LONG: 24 06' 00" E
TEMPERATURE (C), RAIN (mm), WIND SPEED (km/hr)
HEAT COOL AVG
MEAN DEG DEG WIND DOM
DAY TEMP HIGH TIME LOW TIME DAYS DAYS RAIN SPEED HIGH TIME DIR
------------------------------------------------------------------------------------
1 16.5 19.7 16:45 14.3 7:25 1.9 0.1 0.0 5.0 40.2 0:05 SW
2 17.3 19.7 14:05 14.9 0:05 1.2 0.2 0.0 5.3 24.1 23:30 ESE
3 17.9 19.8 15:25 14.5 22:50 0.7 0.3 0.0 9.5 32.2 17:25 SE
4 16.5 18.7 13:30 15.0 0:05 1.8 0.0 1.8 14.8 49.9 13:05 SW
5 15.9 18.4 15:50 14.2 6:25 2.4 0.0 0.0 7.7 35.4 0:10 WNW
6 15.8 17.9 15:35 13.4 6:00 2.5 0.0 0.0 7.6 30.6 10:45 SSE
7 15.2 18.3 15:40 12.7 7:15 3.1 0.0 0.0 8.7 35.4 5:20 NW
8 15.6 16.7 13:50 15.2 11:35 2.7 0.0 0.0 8.2 29.0 7:10 ESE
9 16.2 19.1 15:35 13.7 23:30 2.2 0.0 0.0 6.6 27.4 8:55 NNE
10 15.3 18.6 13:05 11.1 5:05 2.9 0.0 0.0 8.5 35.4 17:10 WNW
11 14.1 16.8 15:10 12.3 6:35 4.2 0.0 0.0 8.9 40.2 12:15 NW
12 16.1 19.2 13:50 14.3 0:05 2.2 0.0 0.0 14.5 46.7 15:55 WNW
13 16.5 19.1 13:10 14.4 23:15 1.8 0.1 0.0 9.7 41.8 0:45 WNW
14 16.5 18.6 14:00 13.4 4:20 1.8 0.0 0.0 7.9 33.8 22:10 ESE
15 17.4 18.8 15:00 15.9 23:20 0.9 0.0 0.0 7.7 35.4 4:55 SE
16 16.8 20.1 14:15 14.3 6:40 1.6 0.1 0.0 4.8 20.9 11:05 NW
17 17.6 20.2 13:50 15.0 23:25 1.1 0.4 0.0 4.0 20.9 16:30 ESE
18 16.6 19.5 11:55 13.6 5:35 1.9 0.1 0.0 5.6 32.2 17:40 WNW
19 16.8 19.4 14:20 15.0 1:30 1.6 0.1 0.0 10.9 40.2 12:30 WNW
20 16.8 19.4 14:50 14.7 23:35 1.6 0.1 0.0 9.2 32.2 15:00 WNW
21 15.9 17.3 11:05 14.3 2:55 2.4 0.0 2.0 3.9 22.5 8:40 SE
22 16.7 18.9 17:15 15.1 5:15 1.6 0.0 2.6 3.4 17.7 15:05 SE
23 18.0 20.6 16:40 15.3 3:30 0.9 0.6 0.8 2.9 25.7 17:25 SE
24 18.0 21.4 14:45 14.9 23:35 1.0 0.8 0.0 2.3 22.5 13:10 SE
25 17.8 21.3 14:10 14.7 2:15 1.2 0.7 0.0 6.3 29.0 15:15 W
26 18.4 21.7 14:15 16.2 4:25 0.7 0.8 0.0 6.4 30.6 13:40 W
27 17.6 20.7 13:00 13.8 22:50 1.1 0.4 0.0 8.9 35.4 4:40 WNW
28 17.1 19.7 13:00 14.7 23:55 1.3 0.1 0.0 14.2 46.7 6:05 NE
29 16.8 20.1 14:50 14.1 0:35 1.6 0.2 0.0 7.4 29.0 17:25 NW
30 17.5 20.7 13:50 15.3 5:10 1.1 0.3 0.0 6.4 24.1 2:15 NW
-------------------------------------------------------------------------------------
16.7 21.7 26 11.1 10 53.3 5.5 7.2 7.6 49.9 4 WNW
Max >= 32.0: 0
Max <= 0.0: 0
Min <= 0.0: 0
Min <= -18.0: 0
Max Rain: 2.59 ON 22/04/23
Days of Rain: 4 (> .2 mm) 2 (> 2 mm) 0 (> 20 mm)
Heat Base: 18.3 Cool Base: 18.3 Method: Integration