Select a Year or Month report
Report for 2017 Jul
MONTHLY CLIMATOLOGICAL SUMMARY for JUL. 2017
NAME: Gavdos Weather Station CITY: Gavdos STATE: Greece
ELEV: 25 m LAT: 34 48' 00" N LONG: 24 06' 00" E
TEMPERATURE (C), RAIN (mm), WIND SPEED (km/hr)
HEAT COOL AVG
MEAN DEG DEG WIND DOM
DAY TEMP HIGH TIME LOW TIME DAYS DAYS RAIN SPEED HIGH TIME DIR
------------------------------------------------------------------------------------
1 34.5 42.1 13:50 30.6 22:25 0.0 16.2 0.0 6.3 35.4 9:00 NE
2 35.5 43.2 16:35 27.7 2:30 0.0 17.2 0.0 2.1 25.7 22:10 WNW
3 26.4 30.9 0:05 22.7 23:30 0.0 8.1 0.0 17.1 57.9 17:50 WNW
4 25.4 28.7 10:55 21.8 5:15 0.0 7.1 0.0 15.8 49.9 18:50 NE
5 26.0 29.0 14:05 22.4 6:25 0.0 7.7 0.0 6.6 20.9 0:30 SSE
6 25.8 29.3 13:25 21.6 5:50 0.0 7.5 0.0 4.3 24.1 11:50 SSE
7 27.2 31.2 16:25 22.2 5:55 0.0 8.9 0.0 7.1 38.6 20:55 NNE
8 27.9 31.8 13:30 23.5 3:15 0.0 9.6 0.0 12.7 62.8 8:50 NE
9 28.5 32.7 15:25 24.8 0:05 0.0 10.2 0.0 12.1 46.7 20:35 NE
10 28.8 32.6 15:25 24.4 6:20 0.0 10.5 0.0 4.3 27.4 22:10 NNE
11 29.3 35.1 13:50 25.9 6:15 0.0 11.0 0.0 3.2 24.1 0:25 SSW
12 31.1 36.6 13:40 26.9 6:55 0.0 12.8 0.0 3.9 24.1 23:00 WNW
13 29.2 32.7 19:40 25.7 6:20 0.0 10.8 0.0 9.0 32.2 11:45 WNW
14 30.9 37.2 13:10 27.6 5:55 0.0 12.6 0.0 7.2 37.0 19:45 NE
15 29.2 34.7 16:25 24.8 5:25 0.0 10.9 0.0 2.7 16.1 16:35 SSE
16 28.4 31.2 12:05 24.8 6:40 0.0 10.1 0.0 2.9 20.9 17:30 SSE
17 26.4 29.2 16:15 23.9 00:00 0.0 8.1 0.0 6.6 27.4 18:25 SSE
18 24.9 27.7 16:25 22.2 6:10 0.0 6.7 0.0 13.2 48.3 23:10 NE
19 25.6 28.1 13:40 22.9 6:45 0.0 7.3 0.0 7.6 41.8 0:10 NE
20 26.9 30.3 16:20 23.7 4:45 0.0 8.7 0.0 6.0 32.2 20:50 SSW
21 27.5 31.0 14:25 23.4 6:00 0.0 9.2 0.0 5.3 24.1 13:55 SSE
22 27.6 31.1 18:15 23.8 4:15 0.0 9.3 0.0 2.9 17.7 13:15 SSE
23 29.1 33.6 17:35 24.6 6:50 0.0 10.8 0.0 5.1 20.9 16:05 NW
24 31.4 37.3 17:45 26.4 23:00 0.0 13.1 0.0 3.5 17.7 20:30 NW
25 29.3 35.1 14:45 26.1 4:20 0.0 11.0 0.0 8.5 30.6 19:30 WNW
26 27.7 30.1 13:10 25.6 6:40 0.0 9.4 0.0 7.1 29.0 14:30 WNW
27 26.4 29.4 12:55 24.5 6:00 0.0 8.1 0.0 9.7 37.0 13:40 WNW
28 26.3 29.4 12:45 24.3 5:35 0.0 8.0 0.0 13.4 41.8 15:50 NW
29 26.7 31.9 14:35 22.9 6:25 0.0 8.4 0.0 4.5 22.5 23:15 NW
30 28.4 33.2 15:00 23.8 3:55 0.0 10.1 0.0 7.2 38.6 21:50 NNE
31 27.8 32.6 16:40 25.1 4:35 0.0 9.5 0.0 5.0 24.1 11:00 SE
-------------------------------------------------------------------------------------
28.3 43.2 2 21.6 6 0.0 308.9 0.0 7.2 62.8 8 WNW
Max >= 32.0: 14
Max <= 0.0: 0
Min <= 0.0: 0
Min <= -18.0: 0
Max Rain: 0.00 ON 01/07/17
Days of Rain: 0 (> .2 mm) 0 (> 2 mm) 0 (> 20 mm)
Heat Base: 18.3 Cool Base: 18.3 Method: Integration