Select a Year or Month report
Report for 2016 Sep
MONTHLY CLIMATOLOGICAL SUMMARY for SEP. 2016
NAME: Gavdos Weather Station CITY: Gavdos STATE: Greece
ELEV: 25 m LAT: 34 48' 00" N LONG: 24 06' 00" E
TEMPERATURE (C), RAIN (mm), WIND SPEED (km/hr)
HEAT COOL AVG
MEAN DEG DEG WIND DOM
DAY TEMP HIGH TIME LOW TIME DAYS DAYS RAIN SPEED HIGH TIME DIR
------------------------------------------------------------------------------------
1
2
3 27.1 29.9 15:10 25.3 20:40 0.0 3.7 0.0 7.9 25.7 13:50 SSW
4 26.4 29.8 14:15 22.9 7:30 0.0 8.1 0.0 7.4 45.1 3:25 SSE
5 25.8 29.0 14:10 22.5 4:20 0.0 7.5 0.0 6.8 33.8 13:25 SSW
6 25.4 28.7 15:05 22.6 7:25 0.0 7.2 0.0 5.5 29.0 13:05 SSW
7 25.6 27.3 13:55 24.6 1:40 0.0 7.3 0.0 9.8 24.1 3:00 SE
8 26.7 29.4 15:05 24.7 6:30 0.0 8.4 0.0 6.9 19.3 10:00 SE
9 26.2 29.3 14:25 23.8 23:50 0.0 7.9 0.0 7.6 29.0 16:00 NW
10 25.4 28.8 12:55 22.8 6:50 0.0 7.1 0.0 4.5 22.5 15:10 WNW
11 25.5 28.5 13:30 23.2 5:55 0.0 7.2 0.0 7.4 27.4 17:05 NW
12 25.6 28.6 13:30 23.2 5:45 0.0 7.3 0.0 6.8 27.4 17:20 NW
13 25.8 28.4 11:45 23.1 6:35 0.0 7.5 0.0 5.6 25.7 2:55 NE
14 25.6 28.8 16:00 22.4 2:00 0.0 7.3 0.0 5.5 27.4 14:00 SE
15 26.3 30.6 13:15 21.8 1:45 0.0 8.0 0.0 3.4 16.1 13:35 NW
16 27.4 30.9 15:10 23.2 4:20 0.0 9.1 0.0 10.6 45.1 10:00 NE
17 27.0 31.6 14:10 23.4 5:00 0.0 8.7 0.0 7.1 24.1 0:15 NW
18 26.3 29.7 15:50 23.8 6:45 0.0 8.0 0.0 8.4 30.6 16:10 WNW
19 26.4 31.6 12:30 23.4 7:10 0.0 8.2 0.0 4.3 24.1 13:50 NW
20 25.6 28.1 14:25 24.0 23:55 0.0 7.3 1.2 7.1 29.0 13:15 WNW
21 25.1 28.2 13:50 23.1 6:00 0.0 6.8 0.0 10.0 33.8 17:45 NW
22 25.1 28.4 14:45 22.2 7:55 0.0 6.8 0.0 8.5 30.6 12:35 WNW
23 23.7 25.6 12:20 22.3 23:05 0.0 5.4 0.0 22.0 53.1 10:00 NE
24 23.4 26.4 14:10 21.9 3:00 0.0 5.1 0.0 19.6 54.7 4:40 NE
25 23.2 26.1 13:25 21.7 23:45 0.0 4.9 0.0 13.4 40.2 0:35 NE
26 23.3 26.3 15:25 19.9 6:35 0.0 5.0 0.0 12.4 41.8 0:25 NE
27 23.4 25.9 13:35 21.9 1:20 0.0 5.2 0.0 14.5 43.5 19:15 NE
28 23.5 25.9 16:30 22.2 0:10 0.0 5.2 0.0 17.5 43.5 5:05 NE
29 23.6 26.6 14:55 20.8 7:25 0.0 5.3 0.0 4.8 33.8 1:00 WNW
30 23.3 27.3 16:40 19.7 5:55 0.0 5.0 0.0 3.2 25.7 16:40 WNW
-------------------------------------------------------------------------------------
25.3 31.6 17 19.7 30 0.0 190.4 1.2 8.9 54.7 24 NE
Max >= 32.0: 0
Max <= 0.0: 0
Min <= 0.0: 0
Min <= -18.0: 0
Max Rain: 1.19 ON 20/09/16
Days of Rain: 1 (> .2 mm) 0 (> 2 mm) 0 (> 20 mm)
Heat Base: 18.3 Cool Base: 18.3 Method: Integration