NOAA Reports/Αναφορές NOAA

Select a Year or Month report
2022 > Jan Feb Mar Apr May Jun Jul Aug Sep Oct Nov Dec
2021 > Jan Feb Mar Apr May Jun Jul Aug Sep Oct Nov Dec
2020 > Jan Feb Mar Apr May Jun Jul Aug Sep Oct Nov Dec
2019 > Jan Feb Mar Apr May Jun Jul Aug Sep Oct Nov Dec
2018 > Jan Feb Mar Apr May Jun Jul Aug Sep Oct Nov Dec
2017 > Jan Feb Mar Apr May Jun Jul Aug Sep Oct Nov Dec
2016 > Jan Feb Mar Apr May Jun Jul Aug Sep Oct Nov Dec

Report for 2022 01
                   MONTHLY CLIMATOLOGICAL SUMMARY for JAN. 2022

NAME: Gavdos Weather Station   CITY: Gavdos   STATE: Greece 
ELEV:    25 m  LAT:  34 48' 00" N  LONG:  24 06' 00" E

                   TEMPERATURE (C), RAIN  (mm), WIND SPEED (km/hr)

                                      HEAT  COOL        AVG
    MEAN                              DEG   DEG         WIND                 DOM
DAY TEMP  HIGH   TIME   LOW    TIME   DAYS  DAYS  RAIN  SPEED HIGH   TIME    DIR
------------------------------------------------------------------------------------
 1  16.2  18.4   13:15  14.1   21:10   2.1   0.0   0.0  11.6  53.1    2:05   NNE
 2  16.4  18.3   14:10  14.4   22:10   1.8   0.0   0.0  13.2  46.7    8:00   NNE
 3  15.7  18.2   10:50  11.7    6:40   2.6   0.0   0.0   6.4  30.6   18:35   WNW
 4  16.1  17.1   15:05  15.1    9:35   2.2   0.0   0.0   6.8  27.4    8:00     W
 5  16.3  17.8   13:15  15.3   19:40   2.0   0.0   0.0   5.5  24.1    3:30    SW
 6  16.2  17.7   10:50  14.6   22:45   2.2   0.0   0.0   9.7  29.0   11:35   SSE
 7  15.1  17.4   11:20  12.7    7:00   3.2   0.0   0.0   6.0  27.4   22:25   ENE
 8  16.1  17.5   10:00  13.5   22:45   2.2   0.0   2.2  12.6  33.8    5:35    SE
 9  13.4  15.7   11:55  10.4   19:40   4.8   0.0   4.6   6.1  40.2    7:10    SW
10  12.7  14.4    8:40  10.8   15:20   5.7   0.0  14.2  10.1  49.9   20:00    SW
11  12.4  14.9   13:15   9.6   10:45   5.9   0.0  18.0  11.3  48.3   21:10    SW
12  13.5  16.8   14:05  10.7    6:05   4.8   0.0   1.2  17.9  74.0   19:05   NNE
13  10.2  12.2    0:30   8.5   00:00   8.1   0.0   0.0  34.8  75.6   21:00   NNE
14  10.8  13.5   15:05   6.7    5:35   7.5   0.0   0.0  14.5  70.8    0:05    NE
15  12.6  15.9   16:00   8.2    3:10   5.8   0.0   0.0  11.1  51.5   22:25   WNW
16  12.0  13.6    0:30  11.1   19:35   6.3   0.0   0.0  34.0  72.4   10:40    NE
17  12.7  14.9   14:30   8.7    7:30   5.6   0.0   4.6   8.9  37.0   22:55   WSW
18  13.4  16.8   13:35  11.8   20:00   4.9   0.0   2.4  17.1  59.5   19:55    NE
19  10.9  12.8   11:25   9.9   22:45   7.4   0.0   0.0  25.4  61.2    1:55    NE
20  11.5  14.2   15:15   8.1    5:35   6.8   0.0   0.0   3.2  20.9    0:25    SW
21  13.4  15.7   13:05  10.9   23:50   4.9   0.0   6.4  10.9  32.2   10:30    SW
22  12.3  14.8   10:30   8.8   23:35   6.0   0.0   4.0  12.4  46.7   18:40   WNW
23   7.4  10.1   11:25   4.1   23:10  10.8   0.0   0.2  11.3  51.5   13:20   WNW
24   7.2   9.9   15:45   4.3    2:55  11.1   0.0   0.2   4.7  29.0   17:10   WNW
25   6.9   8.8   10:45   4.4    9:05  11.4   0.0   0.8  23.8  69.2   14:00   NNE
26   7.9  10.3   13:55   3.9    6:55  10.4   0.0   0.8   8.2  53.1    2:45    NE
27   9.7  12.8   13:35   6.0    3:00   8.6   0.0   0.0   4.3  32.2   12:45   WNW
28   9.7  11.0    2:20   8.7    4:00   1.4   0.0   0.0   1.4   6.4    3:30    NW
29
30
31
-------------------------------------------------------------------------------------
    12.5  18.4     1     3.9    26   156.7   0.0  59.6  12.2  75.6    13      NE

Max >=  32.0:  0
Max <=   0.0:  0
Min <=   0.0:  0
Min <= -18.0:  0
Max Rain: 18.01 ON 11/01/22
Days of Rain: 13 (> .2 mm) 8 (> 2 mm) 0 (> 20 mm)
Heat Base:  18.3  Cool Base:  18.3  Method: Integration