NOAA Reports/Αναφορές NOAA

Select a Year or Month report
2021 > Jan Feb Mar Apr May Jun Jul Aug Sep Oct Nov Dec
2020 > Jan Feb Mar Apr May Jun Jul Aug Sep Oct Nov Dec
2019 > Jan Feb Mar Apr May Jun Jul Aug Sep Oct Nov Dec
2018 > Jan Feb Mar Apr May Jun Jul Aug Sep Oct Nov Dec
2017 > Jan Feb Mar Apr May Jun Jul Aug Sep Oct Nov Dec
2016 > Jan Feb Mar Apr May Jun Jul Aug Sep Oct Nov Dec

Report for 2021 04
                   MONTHLY CLIMATOLOGICAL SUMMARY for APR. 2021

NAME: Gavdos Weather Station   CITY: Gavdos   STATE: Greece 
ELEV:    25 m  LAT:  34 48' 00" N  LONG:  24 06' 00" E

                   TEMPERATURE (C), RAIN  (mm), WIND SPEED (km/hr)

                                      HEAT  COOL        AVG
    MEAN                              DEG   DEG         WIND                 DOM
DAY TEMP  HIGH   TIME   LOW    TIME   DAYS  DAYS  RAIN  SPEED HIGH   TIME    DIR
------------------------------------------------------------------------------------
 1  12.4  16.5   14:25   8.7    2:20   5.8   0.0   4.0   6.1  45.1    7:55    NE
 2  14.5  18.2   15:45  10.2    5:55   3.8   0.0   0.0   6.4  30.6   14:50   WNW
 3  15.7  18.1   15:00  13.6    7:25   2.6   0.0   0.0   6.0  24.1   13:20   SSE
 4  16.5  18.1   12:05  14.9    6:55   1.8   0.0   0.0  10.3  32.2   13:55    SE
 5  17.7  21.3   12:05  15.7    3:45   0.9   0.3   0.0   4.0  27.4   23:45    SE
 6  17.5  20.1   12:40  14.6   22:20   1.1   0.3   0.0  12.4  45.1   11:35    SE
 7  16.3  18.9   14:10  14.4    6:20   2.0   0.0   0.0   8.7  38.6   14:45     W
 8  15.9  18.9   15:05  13.3   23:55   2.4   0.0   0.0   9.7  46.7   23:50     W
 9  12.7  14.3   14:35  11.9   23:40   5.6   0.0   0.0  31.4  67.6    3:05    NE
10  13.0  16.0   16:25  10.6   23:30   5.3   0.0   0.0  19.2  59.5    0:55    NE
11  13.9  17.8   16:30  10.4    2:45   4.3   0.0   0.0   6.6  37.0   10:00    NE
12  15.3  19.1   17:55  11.3    6:20   3.1   0.1   0.0   4.7  29.0    1:55    NW
13  13.9  17.6    8:55  12.3    5:55   1.6   0.0   0.0   2.4   6.4    0:15    NW
14
15
16
17
18
19
20
21
22
23
24
25
26
27
28
29
30
-------------------------------------------------------------------------------------
    15.0  21.3     5     8.7     1    40.4   0.7   4.0   9.8  67.6     9      NE

Max >=  32.0:  0
Max <=   0.0:  0
Min <=   0.0:  0
Min <= -18.0:  0
Max Rain: 3.99 ON 01/04/21
Days of Rain: 1 (> .2 mm) 1 (> 2 mm) 0 (> 20 mm)
Heat Base:  18.3  Cool Base:  18.3  Method: Integration